1?
-10001010
In base 4, what is 13 + 1032?
1111
In base 4, what is -1133 - 23?
-1222
In base 4, what is 1221 + -201?
1020
In base 14, what is -11d - 7?
-126
In base 8, what is 1530 - 5?
1523
In base 3, what is 1 - 10000?
-2222
In base 11, what is 5 + 2265?
226a
In base 14, what is 3 - -11?
14
In base 8, what is 64 + -4?
60
In base 2, what is -1 - 10010001100?
-10010001101
In base 4, what is -12 - -211?
133
In base 5, what is -1 + -230?
-231
In base 14, what is -12 - -1d?
b
In base 13, what is -773 - -1?
-772
In base 11, what is 53 + -2?
51
In base 9, what is 32 - 0?
32
In base 11, what is a2 - -4?
a6
In base 8, what is -4 - 2520?
-2524
In base 8, what is 2 + 2674?
2676
In base 3, what is -12 - -2201101?
2201012
In base 15, what is 103 + 5?
108
In base 16, what is -4 + -1826?
-182a
In base 8, what is 136 - 5?
131
In base 10, what is -169 - -1?
-168
In base 12, what is 3b + 3?
42
In base 14, what is -2 - 27?
-29
In base 14, what is -2a2 - -1?
-2a1
In base 16, what is -3 - -5e?
5b
In base 7, what is -3 + -54?
-60
In base 5, what is -31 + -241?
-322
In base 9, what is -1 + 0?
-1
In base 10, what is -1 - 208?
-209
In base 12, what is -3 + 0?
-3
In base 4, what is 2 + 232?
300
In base 14, what is -c8 - -3?
-c5
In base 6, what is -525 + -5?
-534
In base 10, what is 128 - 42?
86
In base 11, what is -824 - 1?
-825
In base 16, what is 5 - -13?
18
In base 6, what is 5 - -311?
320
In base 4, what is 2 + -130220?
-130212
In base 9, what is 503 - -62?
565
In base 3, what is -10 + 210?
200
In base 13, what is 3b - -192?
200
In base 12, what is 68 - 2?
66
In base 10, what is -45 + 8?
-37
In base 6, what is -5 - 150?
-155
In base 7, what is -145 - 12?
-160
In base 2, what is -111101010100 - 101?
-111101011001
In base 8, what is -2 + -3237?
-3241
In base 15, what is -3 + -3b2?
-3b5
In base 5, what is -1122 + -104?
-1231
In base 7, what is -1361 - 0?
-1361
In base 2, what is -10 + 101010010101?
101010010011
In base 12, what is 90 + 0?
90
In base 7, what is 2030 - -5?
2035
In base 2, what is -101 + 100111?
100010
In base 5, what is -4 + 1002?
443
In base 6, what is 4 + 155?
203
In base 16, what is -4 - -4?
0
In base 9, what is -5 - 3270?
-3275
In base 10, what is 24 - 333?
-309
In base 9, what is -1308 + 2?
-1306
In base 11, what is 210 + 23?
233
In base 9, what is 42 - 218?
-166
In base 12, what is 16 + -4?
12
In base 11, what is 78 - -2?
7a
In base 15, what is 125 - 13?
112
In base 13, what is 2 - -57?
59
In base 16, what is -9b - -3?
-98
In base 5, what is 3 + -210?
-202
In base 14, what is c6 + -3?
c3
In base 4, what is -3 + -11?
-20
In base 16, what is be - -f?
cd
In base 10, what is -72 + -5?
-77
In base 9, what is 2 - -132?
134
In base 7, what is -22 - -31?
6
In base 2, what is 1 + -11100011?
-11100010
In base 15, what is -1 + 599?
598
In base 4, what is 3 - 1012?
-1003
In base 9, what is 5 + -18?
-13
In base 14, what is 4 - 299?
-295
In base 5, what is 2 + 2023?
2030
In base 4, what is 302 + -3021?
-2113
In base 3, what is -122 + -11?
-210
In base 14, what is -3 + d6?
d3
In base 14, what is -2 + -17?
-19
In base 4, what is 3 - 321?
-312
In base 11, what is -1 + -13a?
-140
In base 13, what is -67 - -4?
-63
In base 3, what is -211 + -1200022?
-1201010
In base 11, what is -6 - -14?
9
In base 4, what is 10 - 1210?
-1200
In base 13, what is -4 - -19?
15
In base 3, what is 211 + -102?
102
In base 14, what is -4 + 1?
-3
In base 4, what is -2 - -1122?
1120
In base 7, what is -1 + 1342?
1341
In base 10, what is -814 + 5?
-809
In base 14, what is 98 + -2?
96
In base 2, what is -10 + 10001101111?
10001101101
In base 5, what is -41 + -2?
-43
In base 15, what is 4 - 395?
-391
In base 8, what is 1205 - -5?
1212
In base 5, what is -10 + 14203?
14143
In base 9, what is 331 + 5?
336
In base 7, what is 126 + 226?
355
In base 11, what is -5 + -40?
-45
In base 8, what is -2061 - -2?
-2057
In base 9, what is 1 - -50?
51
In base 13, what is 2b - 8?
23
In base 11, what is -1 - 1395?
-1396
In base 10, what is -4173 + -3?
-4176
In base 16, what is 8a + 0?
8a
In base 10, what is -4 - -686?
682
In base 11, what is -12 - 5?
-17
In base 9, what is -4146 - -5?
-4141
In base 8, what is 1630 + 6?
1636
In base 2, what is -101 - -1111?
1010
In base 10, what is 4 - 84?
-80
In base 6, what is -114 + -1525?
-2043
In base 15, what is -1169 - 5?
-116e
In base 12, what is -110 + 3?
-109
In base 3, what is 12 - -1022020?
1022102
In base 9, what is 10 + -2?
7
In base 13, what is 2 + -16b9?
-16b7
In base 14, what is -30b - 4?
-311
In base 14, what is -176 + 1?
-175
In base 10, what is -1 - -40?
39
In base 11, what is -4804 + -4?
-4808
In base 11, what is 20 - -612?
632
In base 6, what is -4301 - -2?
-4255
In base 6, what is 32 + -1?
31
In base 2, what is 110 + -10011?
-1101
In base 5, what is 103 - -4?
112
In base 6, what is -2013 - -1?
-2012
In base 11, what is -50 + 1?
-4a
In base 16, what is 4 - 6d?
-69
In base 9, what is -20 - 21?
-41
In base 2, what is 1000110 + -11001?
101101
In base 13, what is 6 - 5?
1
In base 13, what is 2 + -542?
-540
In base 15, what is 1a4 - -2?
1a6
In base 3, what is -22210 + 12?
-22121
In base 7, what is -24130 + 4?
-24123
In base 15, what is 58 + 0?
58
In base 16, what is -7 - a?
-11
In base 8, what is 7 - -67?
76
In base 6, what is -11 + -253?
-304
In base 9, what is 50 - -5?
55
In base 7, what is 4 - -4534?
4541
In base 6, what is -1 + -23244?
-23245
In base 5, what is 0 - -2142?
2142
In base 7, what is 354 - 0?
354
In base 7, what is -4 - -11235?
11231
In base 14, what is -4 + -5a2?
-5a6
In base 3, what is -1 - 20102221?
-20102222
In base 12, what is 19b + 9?
1a8
In base 13, what is -100 - -3?
-ca
In base 14, what is -3 - -458?
455
In base 11, what is 212 + 2?
214
In base 6, what is 2225 - -105?
2334
In base 16, what is -2b + 62?
37
In base 5, what is -204 + 2?
-202
In base 2, what is 100111101110 + -110?
100111101000
In base 8, what is -11541 - -3?
-11536
In base 2, what is -101100001011 + -101?
-101100010000
In base 2, what is -11101 + 11111111?
11100010
In base 8, what is -171 + 33?
-136
In base 10, what is -3 + 280?
277
In base 2, what is 1010110 + 1001101?
10100011
In base 8, what is 26 + -20?
6
In base 15, what is -2 - -79?
77
In base 3, what is -10 - 1202220?
-1210000
In base 12, what is 5b0 - 4?
5a8
In base 3, what is 2021012 - -10?
2021022
In base 4, what is 13 + -12221?
-12202
In base 16, what is -185 + -2?
-187
In base 13, what is 34 + 3?
37
In base 2, what is 100100 + 10?
100110
In base 11, what is -2 + 2913?
2911
In base 10, what is 3 + 198?
201
In base 7, what is -2 - -15?
13
In base 2, what is -1010100010000 - 10?
-1010100010010
In base 9, what is 61 + 53?
124
In base 2, what is -101 + 100000111?
100000010
In base 15, what is -13 - -1c?
9
In base 5, what is -341022 - -10?
-341012
In base 2, what is 101001 - 1?
101000
In base 14, what is 1 - -dc2?
dc3
In base 8, what is 1 + 303?
304
In base 11, what is -1a479 - 3?
-1a481
In base 11, what is -1 - -845?
844
In base 14, what is 2 - -6c?
70
In base 6, what is 11 + 4055?
4110
In base 3, what is 20100 - -20?
20120
In base 11, what is -33 + 5aa?
577
In base 11, what is -4 - 358?
-361
In base 12, what is -10 - -304?
2b4
In base 14, what is 8 + -49?
-41
In base 5, what is -13 - -322?
304
In base 5, what is -2 - -33?
31
In base 8, what is -1 - 17?
-20
In base 16, what is -1 - 15c?
-15d
In base 5, what is -10 + 242?
232
In base 3, what is 11012 - -1011?
12100
In base 9, what is -1273 + -2?
-1275
In base 12, what is -6a - -15?
-55
In base 12, what is 3 + 90?
93
In base 3, what is -2010 - 1200?
-10210
In base 5, what is 10 - 222?
-212
In base 15, what is 4a + -5?
45
In base 10, what is -3827 + 0?
-3827
In base 2, what is -1101101011 - -1110?
-1101011101
In base 6, what is -2 - 25025?
-25031
In base 12, what is 0 + -1101?
-1101
In base 2, what is 1 + 11?
100
In base 16, what is 1 - -d?
e
In base 4, what is -1323 + -32?
-2021
In base 11, what is -171 - 3?
-174
In base 6, what is -5 - -43?
34
In base 3, what is 100 + -200?
-100
In base 6, what is 244 + 4?
252
In base 15, what is e - -6?
15
In base 9, what is -3 - 101?
-104
In base 9, what is 2550 + -1?
2548
In base 3, what is -111 - 1000?
-1111
In base 6, what is 3 - -55353?
55400
In base 10, what is -3 - 18?
-21
In base 7, what is -46 - -5?
-41
In base 4, wha